8 - 10. Calculate the highest common divisor of x and h.
8
Let z(k) = 20*k**2 + 10*k - 102. Let w be z(6). What is the greatest common divisor of w and 6?
6
Suppose -h + 155 = 2*k, 13*h - 9*h = -2*k + 140. Calculate the highest common factor of k and 16.
16
Let f = -96 + 46. Let j be ((-36)/5)/(15/f). Suppose -856 = -5*t + j. Calculate the highest common divisor of 22 and t.
22
Suppose 5*v + 13 = 3, 2*o = 3*v + 60. Let i be (o + -3)*(-4)/4. Let k be (-180)/i + 6/(-4). Calculate the highest common factor of 12 and k.
6
Let y(j) = 2*j**2 - 8*j - 28. Let l be y(9). Calculate the greatest common factor of 31 and l.
31
Let b be ((-75)/(-3))/((-1)/(-2)). Calculate the highest common divisor of 450 and b.
50
Suppose -6*n + 8*n = 4. Suppose 0 = -5*y + 4*b + 457, -5*y + n*y + 287 = 4*b. Calculate the highest common factor of y and 31.
31
Let u be (0/2)/(-4 - -2). Let p(x) = -2*x**3 + 4*x**2 + 63 + 4*x - 5*x + 3*x**3 - 5*x**2. Let a be p(u). Calculate the greatest common divisor of a and 7.
7
Let m be (78/(-4))/((-29)/522). Calculate the highest common factor of 195 and m.
39
Let p be (-19 - -10) + (-2 - -86). What is the greatest common divisor of p and 2400?
75
Suppose 8*o - 176 = 256. Let v be ((-3)/(-9))/(1/o). What is the greatest common factor of v and 3?
3
Let g(i) = i + 18. Let r be g(0). Let o = -2 - 0. Let f be ((-1)/o)/((-1)/(-12)). What is the greatest common divisor of r and f?
6
Suppose 0 = 3*c + 5 - 11. Suppose -c*x = -14 - 16. Let n = -14 - -29. Calculate the greatest common factor of n and x.
15
Suppose -3*y = 2*y + 5, 2*q - 4*y = 1568. Calculate the greatest common factor of q and 51.
17
Let y(n) = 2*n**2 - 21*n + 89. Let d be y(11). Calculate the greatest common divisor of 20 and d.
20
Let i be (6/3)/((-315)/54 - -6). Calculate the greatest common divisor of i and 708.
12
Suppose 0 = -32*p + 29*p + 297. What is the highest common factor of 33 and p?
33
Suppose 0 = f - 4*q - 81, -q - 12 = 3*q. Suppose 6*p - f = 45. What is the highest common factor of 38 and p?
19
Let c = 111 - 56. Suppose 44*x = 63*x - 95. Calculate the highest common factor of c and x.
5
Let x be 364/(-21)*18*-1. Calculate the greatest common factor of x and 78.
78
Let o(v) = 0*v**2 - 16*v + 0*v**2 + 23 - v**2 - 5*v. Let g be o(-22). What is the highest common factor of 1 and g?
1
Suppose b = s + 28, -2*b - 3*s + 83 - 32 = 0. Calculate the highest common divisor of 675 and b.
27
Suppose -19 = 5*r - 3*p - 171, -2*r - p + 52 = 0. Suppose 3*w = 29 + r. What is the highest common divisor of 190 and w?
19
Let t = -370 - -542. Let x = t - 100. What is the highest common divisor of x and 8?
8
Let n be 8/((-40)/(-15))*8. Calculate the greatest common factor of 40 and n.
8
Let j(t) = -8*t**3 - t**2 - 2*t + 2. Let b be j(2). Let q be (4 + b/21)/(2/24). What is the greatest common divisor of q and 40?
8
Let k be 240 + (-1)/(5/10). What is the highest common factor of k and 28?
14
Suppose -2*f + 32 = -44. What is the highest common divisor of 342 and f?
38
Suppose 0 = 5*q + 190 + 375. Let j = q - -136. What is the highest common factor of j and 23?
23
Let b(s) = -22*s**2. Let n be b(-1). Let i be (n/(-6))/((-3)/(-90)). Let p = 477 - 467. What is the greatest common factor of p and i?
10
Suppose 0 = 4*a + l - 187 - 716, -4*l + 12 = 0. What is the greatest common factor of 18 and a?
9
Let f(v) = v - 1. Let a(l) = -l - 2. Let r be a(-12). Let u be f(r). Let h(c) = 2*c**2 - 11*c - 9. Let k be h(u). What is the highest common factor of 27 and k?
27
Let r(h) = 2*h + 4. Let z be r(2). Suppose -11*v + z*v + 48 = 0. Suppose -3*w = -4*p - 209, 4*p + v = -4. Calculate the greatest common factor of w and 42.
21
Let y = 351 + -126. What is the highest common divisor of y and 30?
15
Suppose 0 = -0*d - d - 3*c - 83, -3*d = 5*c + 237. Let h = d + 166. Let n = 146 + -123. What is the greatest common factor of n and h?
23
Let k(n) = -n**2 - 6*n - 7. Let a be k(-8). Let l = 13 - a. Calculate the highest common divisor of l and 12.
12
Let n = 906 + -496. What is the greatest common divisor of 10 and n?
10
Let u(n) = -64*n + 14. Let h be u(-1). What is the greatest common divisor of h and 78?
78
Let z be 223/3 + (-4)/(-6). Suppose -2*g = g - 444. Let n be g/5 - 6/(-15). Calculate the highest common divisor of n and z.
15
Suppose p + 10 = -1. Let c = 0 - p. Let d be (-44)/c - 36/(-2). Calculate the highest common factor of d and 70.
14
Let t(y) = y**2 + 17*y + 38. Let n be t(0). Calculate the highest common divisor of 114 and n.
38
Let s(d) = d**2 + 14*d - 5. Let a be s(-15). Suppose -2 + a = 2*z. Suppose -2*v = -z*v + 6, -4*m + 2*v = -42. What is the greatest common divisor of m and 108?
12
Let d(h) = h**2. Let b(j) = -j**3 - 3*j**2 + 8*j + 1. Let c(s) = b(s) - 5*d(s). Let a = 2 + -11. Let p be c(a). What is the greatest common divisor of p and 50?
10
Let x(d) = d**2 + 16*d + 49. Let u be x(-13). Suppose -3*l - 2*l - 75 = -3*s, -25 = -s - 3*l. What is the greatest common factor of u and s?
5
Suppose -15 = -5*t - 3*p, t + 4*t = -5*p + 15. Suppose 2*a = t*m + 19, -2*m = 2*a - 0*m - 44. Calculate the highest common factor of a and 136.
17
Suppose -3*v + 12 = -96. Suppose -2 + v = r. What is the greatest common factor of 17 and r?
17
Let r be (-8)/(-16) - 7/(-2). Let u be 1 - r/(12/(-33)). Calculate the highest common divisor of 108 and u.
12
Let z = 0 - -4. Suppose -295 = -z*l - s + 6*s, -3*s - 359 = -5*l. Suppose -5*u + 52 = -i, -u + 3*i + 4 = 6*i. Calculate the greatest common divisor of u and l.
10
Let h = -36 - -67. What is the highest common factor of 217 and h?
31
Let j(p) = -p**3 - 25*p**2 - p - 10. Let x be j(-25). Let w be (-1)/((1/15)/(-1)). What is the highest common factor of w and x?
15
Let f be (50 - 1)*(-5 + -1 + 5). Let o = 121 + f. Calculate the highest common factor of 9 and o.
9
Suppose -5*u = 4*p - 60 - 35, 4*u - 2*p - 76 = 0. Let j be 10/(-4)*(-3 - u). What is the highest common divisor of 22 and j?
11
Let h(r) = r**2 - r + 6. Let p be h(0). Let n = -12 + 17. Suppose 4*l - 279 = -n*c + l, -2*c = -3*l - 99. What is the greatest common divisor of p and c?
6
Suppose 1260 = -4*g - 2*l + l, -5*g - 1575 = -l. Let f be ((72/15)/(-2))/(3/g). Calculate the highest common factor of 28 and f.
28
Suppose -4*f + 4*r = -f - 94, -4*r = 4. Suppose 6*y = y + f. What is the highest common divisor of y and 12?
6
Suppose -3*d + 157 = 4. What is the greatest common divisor of 187 and d?
17
Let z be (-2)/((-1)/(25/2)). Suppose -4*r + 35 = -z. Let d = -53 + 98. Calculate the greatest common factor of d and r.
15
Let i be 3 + -1 - -11*2. Let x = i + 40. Suppose 0*h = -2*h + x. What is the greatest common factor of 16 and h?
16
Suppose -4*o + 107 = -81. Suppose -46*k - 11 = -o*k. What is the greatest common divisor of 1 and k?
1
Suppose -773 = -4*j + 5*g, -5*j + j + 3*g = -763. What is the greatest common divisor of j and 33?
11
Suppose 0 = -396*i + 402*i - 450. What is the greatest common divisor of 1425 and i?
75
Let l = -80 + 90. Let g(x) = -14*x - 2. Let o be g(-8). What is the greatest common factor of l and o?
10
Suppose -180 = -0*w - 6*w. Suppose m + 2*m - 10 = -2*a, 3*a = 3*m + w. What is the highest common divisor of 20 and a?
4
Let c = 24 + -20. Suppose -3*o - c*l - 374 = -6*o, -4*o + l = -503. Calculate the greatest common factor of o and 14.
14
Let f(i) = -2*i + 1. Let w be f(-1). Suppose 987 - 357 = w*k. Calculate the greatest common factor of k and 30.
30
Suppose 0 = 2*t + 3*k - 70, -38 = -2*t + 5*k - 0*k. What is the greatest common divisor of t and 87?
29
Let v = -313 + -77. Let t be ((-160)/50)/(3/(v/4)). What is the greatest common factor of t and 26?
26
Suppose -2*n = 1 - 3, -n = 3*a - 61. Calculate the greatest common divisor of a and 40.
20
Let j(k) = k**3 - 7*k**2 - 2*k - 10. Let i be j(8). Let l = -11 + i. Let a be ((-17)/4 + 2)/((-1)/48). What is the greatest common divisor of a and l?
27
Suppose 0 = 6*k + 1159 - 13. Let y = k + 287. Let u(p) = 2*p. Let v be u(6). Calculate the highest common divisor of v and y.
12
Let d = -33 + 35. Suppose -4*o - d*i + 107 = 3*i, 5*i + 31 = 2*o. What is the greatest common divisor of o and 253?
23
Let s be (-903)/(-77) + 18/66. Suppose -2*o + 0 = -2*a - 16, -25 = 5*a. Calculate the highest common divisor of o and s.
3
Let h(p) = 30*p + 263. Le